- -89) + -28.
-2
What is the value of (66 - (14 + 19)) + 24?
57
Evaluate (55 + -57 - -121) + 0 + -30.
89
What is -2 - (-9 + 54 + (-60 - -21) + (-102 - -2))?
92
Evaluate -47 - (71 + -49 + -2 + -34).
-33
What is 3016 + -3082 - (-15 - (-1 + 3 - 0))?
-49
89 + 17 + -38 + 7
75
What is 3 - (2 - 3) - (-41 - (-64 - -40 - -47))?
68
-1 + 15 + 21 + -8 + 5 + -9
23
104 + -47 - 24 - (-2 - -148)
-113
Calculate (1 - -38 - (-332 - -353)) + (-1 - 0) + -8.
9
What is the value of -8 - 113 - (-1132 + 1018)?
-7
-81 - (12 - (-12 - (7 - (30 + -8))))
-90
Calculate (-149 - -74) + 88 - (32 + 0).
-19
Evaluate -1 - -8 - 22 - (22 + -1).
-36
What is -14 + 25 + 22 + -38 + 21?
16
What is -19 + 17 + 4 + -19 + 13 + 19?
15
What is the value of -3 + (0 + 6 - (38 - 33)) - (36 - 78)?
40
What is -93 - (-158 + 86 + -76)?
55
2 + -1 + (-26 - (-3 - (-1 - -20)) - -99)
96
61 + (-14 - (6 + -13)) - (-2 + -11)
67
Calculate (-24 + 3 - 2) + -191 + 212.
-2
What is (66 - (-4 + 2)) + (-18 - (-28 - (-25 - -22)))?
75
What is the value of -3 + (2 - -135) - ((-112 - 41) + 169)?
118
What is the value of -2 + 1 - (1 - -14 - (-1 + 46 - 33))?
-4
(8 - 73) + (23 - (19 - -36)) + 26
-71
Calculate 88 + -44 + 8 - 103.
-51
What is 57 - (-6 + 3 + -4 + (-6 - -1))?
69
What is the value of 7 - (17 + -7) - ((-11 - -16) + -35)?
27
What is -57 + -57 + (-26 - -166)?
26
Calculate (45 - -2) + -2 + (-1974 - -1987).
58
Calculate -112 + 116 - (-2 + 10 + -9 - 3).
8
What is the value of 34 + 3 + (-1824 - -1840)?
53
Evaluate 12 - (96 - 35) - 20 - -30.
-39
What is (79 - (-55 - -44)) + (-23 - 2) + 9?
74
-22 - (22 + 9 + 13 + 5)
-71
What is the value of (-3 - -31) + -52 + 140 + (3 - 19 - -3)?
103
(36 - (-25 + 9)) + (-11 - (1 + -3)) + 5
48
What is the value of 6 - ((-12 - -6 - 1) + (9 + -5 - -4))?
5
What is 9 + 0 + 11 + -8 + -28 + -38?
-54
Evaluate -12 + (7 - 10) - (-56 - -17).
24
Evaluate 27 - 111 - (-57 + 63 - (-3 - (-2 - 11))).
-80
What is -29 - (17 - 34) - (1 + 5)?
-18
What is the value of 20 + 1 - (-29 - (-22 + -4))?
24
What is 28 + -9 + (115 - (-11 + 9 + 12))?
124
What is 287 + -284 - (23 - -6)?
-26
Calculate -4 - (-5 + 44) - -49.
6
What is 12 + (22 + -154 - -255)?
135
11 - (0 + (-4 - 3) + 12 - 56)
62
Evaluate (216 - 9 - 63) + -76.
68
What is -20 - (21 + (0 - (-14 + 13)))?
-42
Calculate 43 + -131 + 100 + 1 + 14.
27
What is 2 - 45 - (33 + -28 - 21)?
-27
Calculate (-5 - 35) + (4 - (-14 + 3 + -7)).
-18
Evaluate 0 + (-3 - (11 + 3)) + (16 - (22 - 14)).
-9
What is (-33 - (0 - (22 + -4))) + 120?
105
17 - (-19 + (26 + -21 - (1 - -19)))
51
Calculate -13 + (-182 - -184 - (0 - -6)).
-17
What is 123 + -209 + (0 - -44)?
-42
What is -6 + 3 + (-9 - -12) + 22 + 3?
25
What is -39 - (83 + -60 - (-2 - -10))?
-54
Calculate 7 + 23 + -13 + -20 + 50.
47
-2 + -13 + (-15 - (57 + -133))
46
(28 + -31 - (-3 + 7)) + -10 + 8 + 4
-5
Evaluate 4 - (5 - 0 - -53) - (13 + -28 + 8).
-47
Calculate -132 + 81 + -8 - -92.
33
(-73 - -95) + (0 - 10) - 40
-28
What is (1 - 86) + 23356 + -23284?
-13
What is the value of -94 + -56 + (162 - -27)?
39
Calculate (-2 - -37 - (1262 - 1337)) + 9 + -1.
118
Evaluate (2 - 1 - -2) + -28 + (1449 - 1456).
-32
Calculate 142 + (-179 - -116) - 147.
-68
What is 5 + -6 + -2 - -43 - (87 + -101)?
54
Calculate 116 + -20 + (-13 - 3 - -1) + 7.
88
Calculate -14 - -236 - (-388 + 457).
153
What is (-1 - -16 - 2) + (8 - 4) + -15 + 60?
62
Calculate 43 - 12 - -4 - ((-16 - -18) + (-4 - 1)).
38
What is the value of -193 - -13 - (-113 - -49)?
-116
Calculate (17 - 41) + (-45 - (14 - 7)).
-76
What is the value of (0 - -1) + -64 + (58 - -26 - 75) + -6?
-60
Calculate (11 - (11 + 39) - -10) + (8 - 0).
-21
Evaluate 51 + 1 + 922 + -903.
71
Calculate -63 - 6 - (-42 + 21 + 25).
-73
What is -19 - (-25 + 28 + -23) - -95?
96
Evaluate -97 + (-12 - -51) - -64.
6
Calculate 81 + (0 + 32 - (361 - 318)).
70
What is the value of -3 + -12 + (7 - -2) - -78 - (-18 + 24)?
66
55 - (103 + (-48 - -28))
-28
Evaluate -26 + -164 + (39 - -115).
-36
Calculate -15 + (-3 - -6) + 0 - (-9 + -32).
29
Calculate (-2 - 42) + (4319 - 4207).
68
What is the value of 1 - (75 - -5 - (5 + -12 + 4))?
-82
Evaluate -40 + 26 + (-6 - 22).
-42
What is (2 - 34 - -23) + (-3 - (8 - -4))?
-24
Evaluate -3 - (1 - (3 + -6)) - (8 + -51 + -14).
50
Calculate -2 - (8 + 2) - 38 - (-34 + 41).
-57
What is -176 - (75 + (-124 - 51))?
-76
Evaluate -634 + 639 - (1 + -3) - 7.
0
What is 0 + (49 - -2) - (300 + -310 - (-20 + 1))?
42
What is (-98 + 93 - (47 - (-2 - (2 - -1)))) + 3?
-54
What is 31 - (-47 + 25 + -5 + 14)?
44
What is the value of 21 - (26 + (-22 - -21) + 23)?
-27
What is the value of 72 + (8 - 10 - -1) + 34 + -25?
80
Calculate -79 + 81 - -39 - 47.
-6
What is (15 - 11 - 7) + 19 - (-7 - -4)?
19
What is the value of 284 + -277 + 5 + (0 - -2)?
14
What is the value of 5 - (7 + -21 + 29) - 110?
-120
What is (9 + (-15 + 2 - 14) - 5) + 81?
58
What is (16 - -3) + -12 - 48 - -20?
-21
What is (-34 - (-35 - 18)) + 4?
23
What is (-5 + (-8 - (-13 - -3)) - (15 + 7)) + 2?
-23
What is the value of (-20 - -71) + -13 - (-10 + 26 + -10)?
32
What is the value of -2 - 7 - (-16 + (-10 - -11)) - (-18 - -64)?
-40
3 - (11 - -23) - (410 - 383)
-58
What is the value of 48 + -2 + 24 + -44 + -9?
17
What is the value of 15 + -72 + -18 + (13 - 14)?
-76
Evaluate 0 + 0 + 85 - (-235 - (-44 - 187)).
89
What is -33 - (22 + -28 + -40 + 55)?
-42
Calculate 21 - -2 - ((-19 - (-4 + 2)) + 849 + -830).
21
Evaluate -28 + -44 + -30 + (45 - 17).
-74
-27 + ((20 - 6) + -36 - 5)
-54
What is the value of (5 - 4) + (13 + 19 - 8)?
25
-52 + (69 - 52 - -11)
-24
(4 + -18 - -11) + 7 + 0 - (42 + -9)
-29
What is the value of (395 - 85) + -262 - (33 + 1)?
14
What is the value of (8650 - 8534) + -94 + 1?
23
30 + (-85 - -10) - (39 + -8)
-76
What is the value of 0 + -104 - (105 - 170 - -37)?
-76
Calculate -36 - (19 + -12 + -34) - (1 + 9).
-19
Calculate -9 - 0 - (3 - 28 - (13 + -36)) - -6.
-1
Calculate (-2 - 9 - -7) + (7 - (12 + -2 + 2)).
-9
What is the value of 5849 + -5993 + ((7 - 2) + -3 - -21)?
-121
Evaluate -7 + 4 - (19 - (59 + -32)).
5
What is 5 - (-12 + 43) - 8 - -10?
-24
12 + -3 - 7 - (-59 + (2 - 12) + -6)
77
-123 + 96 - -6 - 38
-59
-30 - ((28 - -2) + 42 - 1)
-101
44 + 3 + -55 + (39 - -5)
36
What is -146 - (-9 - 5 - 25) - -4?
-103
What is the value of -1198 + 1237 - (0 + -5)?
44
What is the value of 33 - (89 - (59 - 9 - 10))?
-16
What is -75 + (-1 - -4 - (-55 + 35 - (2 + -23)))?
-73
What is (-133 - -28) + (-259 - -373)?
9
Evaluate 71 + (8 - (20 + 13 + -8)) - (-11 - 0).
65
What is -3 + 19 - 6 - ((-16 - -31) + -95)?
90
Evaluate (-47 - 11 - -51) + 69.
62
What is the value of 55 + (30 - 127) + 26 + -129 + 0?
-145
What is the value of (-2 + 22 - (46 + -48 - -31)) + -37?
-46
Evaluate -101 + 5 - -24 - (-8 + 6 + -4 + 13).
-79
Evaluate -33 + -5 + (-81 - 1).
-120
Calculate (10 - 62 - 12) + 76.
12
What is the value of -98 - -91 - (-4 - 7) - (-5 - 1)?
10
What is the value of 1 + 3 - 7 - (7 - (-16 - -7) - 16)?
-3
What is the value of (2 - (33 + -17 + -11)) + (-1 - (-63 + -8))?
67
Evaluate (54 - 32) + 61 - 86.
-3
What is -57 + (-39 - 12 - -127)?
19
What is -14 - (53 + -181) - 50?
64
What is 101 + (42 + 32 - 258)?
-83
Calculate 468 + -469 - (-48 - (3 - (2 - 4))).
52
What is the value of 117 - (17 - (-21 + 7 + 12 + 16))?
114
Evaluate -15 + (11 - (47 - 24 - 19)).
-8
Calculate 18 - ((-19 - -31) + 46 + -17).
-23
What is the value of -173 + 230 + (-5 - ((-3 + 4 - -1) + 2))?
48
82 + (-222 - -9) + 134
3
Calculate (2 + 0 - (90 + -81)) + 4 + -1.
-4
What is -15 + 76 + -55 + -72?
-66
Calculate 3 - (59 + 1) - (7 + -25 + 5).
-44
What is (18 - 18) + -14 + 1 + -1 + -59 - -1?
-72
What is the value of (2 + -38 + -1 - (-9 + -4)) + 3?
-21
What is the value of 24 + (1233 - 1362) + 18 + 0?
-87
Evaluate (0 - (-38 + -4 + -28)) + -25.
45
Calculate 19 - (36 - (10 - -11)) - 38.
-34
Evaluate 2 + -104 + -21 - (-18 - (-3 + 8)).
-100
Evaluate -80 + -61 + 92 + -66.
-115
Evaluate -90 + (10 - (8 + 4)) + 19.
-73
What is the value of (264 - 36 - 77) + -120?
31
Calculate 16 - ((-52 - -16) + -8 + (-6 - -12)).
54
What is -22 - (-14 - 10 - 24) - 9?
17
What is 48 - (-14 + 19 + 86)?
-43
28 + 17 + -29 + (6 - 9) + 12
25
-10 - (-136 - (1 - 97))
30
-4 + -11 + (27 - -7)
19
Calculate 100 - 149 - (-21 + -15).
-13
What is the value of 10 - (-21 + 21 + 4) - 33?
-27
Evaluate (40 + 7 + -87 - -12) + 27.
-1
(120 - (50 + 45)) + (3 